(12).
-193
Let v(m) = 240*m - 57. Give v(2).
423
Let o(u) = 110*u - 304. Give o(4).
136
Let w(x) = -3*x**3 - 230*x**2 + 313*x + 89. Determine w(-78).
11
Let w(i) = -3*i**2 + 393*i + 1204. Give w(134).
-2
Let g(x) = 6*x**2 + 111*x - 220. What is g(2)?
26
Let x(p) = -68*p + 118. Determine x(8).
-426
Let c(n) = 419*n + 94. What is c(2)?
932
Let w(p) = -p**3 - 10*p**2 - 7*p - 5. Calculate w(-12).
367
Let l(t) = -59*t - 2428. What is l(-49)?
463
Let u(s) = 1376*s - 9632. What is u(7)?
0
Let u(p) = 66*p + 707. Calculate u(-11).
-19
Let i(u) = -8*u + 52. Give i(8).
-12
Let g(i) = 7*i**2 + 569*i + 172. Give g(-80).
-548
Let b(a) = -a**3 + 12*a + 61. Calculate b(-6).
205
Let x(w) = w**2 - 50*w - 591. Give x(60).
9
Let f(x) = 23*x - 110. Give f(9).
97
Let z(o) = 2*o**2 - 68*o + 210. Determine z(30).
-30
Let z(b) = -b**2 + 168*b - 5687. What is z(47)?
0
Let j(t) = 3*t**3 + 3*t**2 + 6*t - 57. Determine j(-5).
-387
Let z(b) = -419*b - 348. What is z(-1)?
71
Let r(l) = l**3 - 63*l**2 - 130*l - 36. Give r(65).
-36
Let q(x) = 11*x - 760. Give q(74).
54
Let i(z) = -49*z - 395. What is i(-8)?
-3
Let j(b) = -b**2 - 39*b + 120. Give j(-43).
-52
Let r(z) = -5*z**3 + 37*z**2 - 3*z - 8. What is r(8)?
-224
Let b(v) = 103*v + 2046. Give b(-20).
-14
Let c(b) = -26*b**2 + 4083*b - 159. Give c(157).
-2
Let q(p) = -55*p**2 - 9*p - 2. Determine q(-2).
-204
Let k(w) = -296*w - 2391. Determine k(-8).
-23
Let u(g) = g**2 + 45*g + 42. Give u(-42).
-84
Let v(l) = -6*l**2 + 570*l - 618. What is v(94)?
-54
Let q(o) = -2*o**3 + 30*o**2 - 27*o - 28. Give q(14).
-14
Let k(y) = -18*y**3 + 13*y**2 - 28*y - 3. Determine k(3).
-456
Let j(a) = 480*a - 1458. What is j(3)?
-18
Let q(f) = -69*f**2 + 327*f + 65. Calculate q(5).
-25
Let x(m) = 4*m**2 - 130*m + 50. Calculate x(17).
-1004
Let m(q) = 75*q**2 + 292*q - 13. What is m(-4)?
19
Let j(r) = r**3 + 11*r**2 + 28*r + 21. Determine j(-8).
-11
Let t(m) = -2*m**2 + 83*m - 669. Calculate t(26).
137
Let z(u) = 5*u**2 + 21*u - 34. Determine z(-10).
256
Let o(g) = -5318*g + 42624. Determine o(8).
80
Let s(j) = j + 30. Determine s(-4).
26
Let g(f) = 2*f**3 - 134*f**2 + 4*f - 262. Give g(67).
6
Let b(u) = -55*u + 39. Determine b(1).
-16
Let u(f) = -33*f + 5538. What is u(168)?
-6
Let y(c) = 62*c - 340. Give y(6).
32
Let s(k) = 178*k + 7645. Calculate s(-43).
-9
Let d(q) = 137*q - 1156. Determine d(8).
-60
Let c(w) = -2*w**3 - 26*w**2 + 162*w + 89. Calculate c(5).
-1
Let q(d) = -130*d + 2017. Give q(15).
67
Let j(x) = -1214*x + 7332. Determine j(6).
48
Let h(v) = -28*v**3 - 1254*v**2 + 267*v - 134. What is h(-45)?
1
Let v(k) = 24*k - 248. Determine v(-12).
-536
Let h(j) = 3*j**3 + 14*j**2 - 6*j + 6. Calculate h(-6).
-102
Let u(x) = 2*x**3 - 20*x**2 - 55*x + 79. Calculate u(12).
-5
Let t(j) = 127*j + 525. Give t(-4).
17
Let t(v) = -88*v - 217. What is t(-3)?
47
Let o(m) = -m**3 + 41*m**2 + 5*m - 24. Calculate o(41).
181
Let u(h) = 32*h - 960. What is u(31)?
32
Let a(m) = 36*m + 501. Determine a(-14).
-3
Let n(s) = 21*s**2 - 1126*s + 685. What is n(53)?
-4
Let t(z) = 52*z**2 - 6*z + 12. Determine t(2).
208
Let q(a) = -449*a + 8530. What is q(19)?
-1
Let h(s) = s**2 + 39*s + 316. What is h(-27)?
-8
Let o(l) = -10*l - 79. Give o(-50).
421
Let n(m) = -m**3 - 14*m**2 + 22*m + 87. What is n(-16)?
247
Let h(o) = -o**3 + 38*o**2 - 240*o - 13. Give h(30).
-13
Let g(f) = -f**2 - 660*f - 3299. Determine g(-5).
-24
Let v(w) = 4*w**2 + 56*w - 491. What is v(-20)?
-11
Let z(m) = -131*m + 13254. Determine z(101).
23
Let n(g) = 6782*g**2 + 6785*g - 3. What is n(-1)?
-6
Let a(r) = r**3 - 45*r**2 + 6*r + 91. Determine a(45).
361
Let g(n) = n**3 + 12*n**2 - 31*n + 19. Give g(-14).
61
Let n(q) = 32*q**2 - 5217*q + 153. What is n(163)?
-10
Let f(b) = 28*b**2 + 244*b - 20. Calculate f(-11).
684
Let i(y) = 529*y + 407. Calculate i(-1).
-122
Let n(r) = -r**3 - 12*r**2 + 24*r - 75. What is n(-14)?
-19
Let u(a) = -29*a**2 - 306*a - 38. What is u(-10)?
122
Let q(r) = 176*r - 1314. Give q(8).
94
Let w(u) = -140*u + 1520. Calculate w(11).
-20
Let v(m) = 34*m - 1125. Give v(50).
575
Let h(x) = x**2 - 9*x + 19. What is h(7)?
5
Let w(z) = 11*z**2 - 285*z - 1358. Give w(30).
-8
Let q(r) = 52*r**3 - 2*r**2 - 27*r + 28. Determine q(1).
51
Let q(c) = -4*c - 32. Give q(-10).
8
Let a(p) = -p**3 - 17*p**2 + 24*p + 6. Calculate a(-18).
-102
Let d(w) = w**3 + 18*w**2 - 119*w - 1576. Give d(-20).
4
Let m(r) = r**3 - 21*r**2 - 26*r + 14. What is m(7)?
-854
Let z(y) = y**2 + 48*y + 162. Calculate z(-44).
-14
Let t(z) = -z**2 - 8*z + 39. Give t(-12).
-9
Let v(x) = x**3 + 6*x**2 - 9*x + 1. Give v(3).
55
Let p(d) = -d**3 - 15*d**2 + 291*d + 4402. What is p(-16)?
2
Let k(f) = -2*f**3 - 17*f**2 + 34*f - 3. Determine k(-11).
228
Let r(k) = 68*k**2 - 398*k - 30. What is r(6)?
30
Let g(r) = 2786*r - 8379. Give g(3).
-21
Let o(t) = -t**3 - 17*t**2 + 168*t - 32. What is o(-24)?
-32
Let g(i) = -i**2 + 106*i - 2755. Determine g(42).
-67
Let l(r) = 2*r**3 + 67*r**2 + 59*r - 4. Give l(-1).
2
Let z(x) = 143*x + 2647. Give z(-19).
-70
Let p(z) = 7*z**3 + 26*z**2 - 101*z - 365. Calculate p(-4).
7
Let g(b) = 7*b + 189. What is g(-76)?
-343
Let g(c) = -2*c**3 + 5*c**2 + c + 9. What is g(5)?
-111
Let d(h) = -2*h**2 - 2*h + 17. Determine d(-5).
-23
Let o(b) = 179*b + 3559. Determine o(-20).
-21
Let c(d) = d**3 + 14*d**2 + 25*d + 58. Calculate c(-12).
46
Let t(k) = 227*k - 18368. Determine t(81).
19
Let q(h) = -479*h + 181538. Calculate q(379).
-3
Let a(o) = o**3 - 9*o**2 + 57*o - 151. Give a(4).
-3
Let z(i) = -6*i**2 + 24*i + 27. What is z(5)?
-3
Let i(x) = -57*x - 1792. Give i(-31).
-25
Let r(j) = 2*j**2 + 25*j - 135. Give r(-14).
-93
Let u(r) = -r**3 - 4*r**2 + 14*r - 75. Determine u(-7).
-26
Let j(d) = 7*d**3 - 47*d**2 + 32*d - 321. What is j(7)?
1
Let g(q) = -174*q - 9930. Give g(-57).
-12
Let q(v) = -v**3 + 13*v**2 + 11*v + 180. Calculate q(15).
-105
Let s(f) = -111*f**3 + 2*f**2 + f. What is s(-1)?
112
Let r(x) = -x**3 - 39*x**2 - 196*x + 91. Give r(-33).
25
Let b(i) = -i - 69. What is b(-16)?
-53
Let a(l) = -2*l**3 - 15*l**2 - 17*l + 14. What is a(-6)?
8
Let a(n) = n**2 + 7*n - 93. Give a(9).
51
Let x(n) = -n**3 + 17*n**2 - 58*n + 34. Determine x(4).
10
Let f(x) = 30*x**2 - 28*x - 88. Calculate f(-3).
266
Let c(j) = j**2 + 56*j + 577. Calculate c(-42).
-11
Let g(i) = -3*i**2 - 220*i - 170. Calculate g(-73).
-97
Let v(c) = 453*c + 1319. Determine v(-3).
-40
Let f(a) = 2*a**3 - 113*a**2 + 53*a + 57. Give f(56).
-111
Let i(y) = -y**3 + 9*y**2 + 5. Calculate i(0).
5
Let o(g) = g**2 + 52*g + 9. Calculate o(-52).
9
Let n(f) = 7*f**2 + 984*f - 3453. Give n(-144).
3
Let y(m) = -m**2 + 5*m + 6. What is y(5)?
6
Let h(p) = -2*p**2 - 56*p - 314. What is h(-7)?
-20
Let r(z) = z**3 + 16*z**2 - 664*z - 2. Calculate r(19).
17
Let o(w) = 4*w**3 - 71*w**2 - 206*w + 3386. Give o(18).
2
Let d(h) = -8*h**2 + 45*h + 31. Determine d(8).
-121
Let w(j) = 27*j + 627. Give w(-22).
33
Let q(p) = p**3 - 9*p**2 - 10*p - 7. Calculate q(0).
-7
Let k(v) = -2*v**3 + 143*v**2 - 12*v + 6062. Determine k(72).
14
Let c(i) = i**2 + 53*i - 11936. Give c(-139).
18
Let v(h) = 6*h**2 - 851*h + 1521. Give v(140).
-19
Let p(g) = -2*g**2 - 19*g + 358. What is p(-19)?
-3
Let p(v) = -13*v**2 - 1038*v + 4553. Calculate p(-84).
17
Let u(i) = -2*i**2 + 13*i + 23. Calculate u(10).
-47
Let r(t) = -151*t - 50. What is r(0)?
-50
Let i(s) = -s**3 + 23*s**2 - 59*s + 26. What is i(20)?
46
Let q(z) = -z**2 - 96*z - 1630. Calculate q(-74).
-2
Let g(r) = -r**3 - 35*r**2 + 111*r - 97. Calculate g(-38).
17
Let r(w) = w**3 - 50*w**2 - 55*w + 195. What is r(51)?
-9
Let h(i) = i**3 + 10*i**2 - 9*i - 13. Determine h(-6).
185
Let y(n) = n**3 + 58*n**2 + 51*n - 339. Give y(-57).
3
Let c(g) = g**3 + 113*g**2 - 129*g - 1719. Give c(-114).
-9
Let h(g) = 2*g**3 + 22*g**2 + 35*g + 6. Give h(-9).
15
Let s(f) = 6*f**2 + 27*f + 60. Determine s(-4).
48
Let p(g) = g**2 + 41*g - 144. Give p(4).
36
Let o(f) = -116*f**3 - 4*f**2 + 21*f - 18. What is o(1)?
-117
Let r(q) = 30*q - 464. Give r(14).
-44
Let z(j) = 13*j**2 + 826*j + 1233. What is z(-62)?
-7
Let q(k) = 20*k + 167. Give q(-11).
-53
Let r(y) = 29*y**2 - 231*y + 18. Calculate r(8).
26
Let y(h) = -5*h**3 + 100*h**2 - 497*h - 8. Determine y(10).
22
Let z(s) = 23*s**2 + 83*s - 85. Determine z(1).
21
Let h(f) = 23*f + 404. Deter